(n) be the first derivative of -n**4/4 + n**3/3 + 3*n**2/2 - 4. Suppose -2*v + 2 = -10. Suppose -x = x - v. What is r(x)?
-9
Let u(b) = b**2 - 17*b + 20. Let z be u(16). Let p(o) be the first derivative of -3 + 1/3*o**3 + 3/2*o**2 + z*o. Give p(-3).
4
Let t be 0 - (-3 - 55/(-20)). Let l(v) be the first derivative of -4 - 1/3*v**3 - t*v**4 + 0*v + 1/2*v**2. Calculate l(1).
-1
Let s = -20 - -24. Let y(o) = -o**3 + 5*o**2 + 3. Determine y(s).
19
Let x(u) = u**2 - 8*u - 1 - 3*u**2 + 3*u**2 + 0*u**2. Calculate x(6).
-13
Let k(a) = a**2 + 5*a + 7. Suppose 2*b = -7 - 3. What is k(b)?
7
Let k(f) = 2*f + 1. Let c = -4 - -9. What is k(c)?
11
Suppose 24 - 4 = -5*f. Let y(w) be the second derivative of w**4/12 + w**3/3 - 2*w**2 - w. Give y(f).
4
Let o be (-36)/(-4) + -2*1. Let a(z) = z + z + z**2 + 2*z - o. What is a(-6)?
5
Let g(r) = -5*r - 1. Let l(x) = -14*x**2 + 13*x - 15. Let a(b) = -5*b**2 + 4*b - 5. Let n(z) = 11*a(z) - 4*l(z). Let p be n(7). Give g(p).
9
Let p(t) = t - 10. Suppose -7*m + 15 = -20. What is p(m)?
-5
Let d(l) be the third derivative of l**6/120 - l**5/30 + l**4/8 - 9*l**2. Give d(2).
6
Let h(d) = -2*d - 1. Let k(i) = 1. Let s(z) = -3. Let n(x) = 11*k(x) + 4*s(x). Let w(u) = h(u) + 2*n(u). Determine w(-2).
1
Let h(f) = -4*f - 1. Let w = 4 + -3. Let l be h(w). Let q(v) = v - v**2 - 2*v - 2 - 5*v. Give q(l).
3
Let t(n) = n**3 + 7*n**2 + 6*n + 6. Let q be t(-6). Suppose 0 = 4*l - q - 14. Let c(p) = -p + 2. What is c(l)?
-3
Let w(d) be the third derivative of -d**9/60480 - d**8/4032 + d**7/720 + 7*d**6/720 + d**5/20 + d**2. Let k(h) be the third derivative of w(h). What is k(-6)?
1
Let z(k) be the first derivative of 2*k**4 + k**3/3 - k**2/2 + 4. Let n(r) = r + 12. Let u be n(-10). Let t be 3/(-6)*-1*u. Calculate z(t).
8
Let q be 2/7 + (-8)/28. Let h(m) = -5 + 894*m - m**2 - 894*m. Calculate h(q).
-5
Let n(r) = 1 - 5 + r - 3 + 4. Calculate n(3).
0
Let j(c) = -c + 5. Suppose -4*f = -s - 25, 4*f + 5*s + 0*s + 5 = 0. Suppose -m + 6*m + 35 = 5*b, -f*m = 4*b - 10. What is j(b)?
0
Let c(i) = -i - 1. Let p(r) = 7*r + 7. Let q(x) = 6*c(x) + p(x). Determine q(-2).
-1
Let m(y) be the second derivative of -y**3/6 + 3*y. Let g(f) = -2*f**2 + 2*f + 1. Let w be g(-1). Let d = -5 - w. Determine m(d).
2
Let d(k) = k**2 + 5 + 3 - 3 + 4*k. Let j(l) be the third derivative of -l**5/60 + 3*l**4/8 - 2*l**3 - l**2. Let w be j(8). What is d(w)?
5
Let a(h) = -4*h**2 + 0*h**2 - 3 + 1 + 4*h + h**3. Let l = -96 + 99. Give a(l).
1
Let q(w) = 18*w + 3*w**3 - 1 + 16*w - 2*w**2 - 32*w. Determine q(1).
2
Let f(u) be the second derivative of -u**5/20 - 2*u**4/3 - 4*u**3/3 + 4*u**2 + 16*u. Determine f(-7).
15
Let y = 0 + 2. Let s(v) = -v + v**2 + 6*v**2 - 3*v**y + 4 - v**3. Determine s(4).
0
Let r(q) = 5 - 2 + 0*q + q. Let b be r(0). Let v(h) = 2*h + 1. Determine v(b).
7
Let j be (10/(-4))/((-2)/4). Suppose -4*m - 7 = -j*b - 0*m, 4*m = -5*b + 23. Let h(d) = -d**2 + 2*d - 3. Determine h(b).
-6
Let q(u) = -6*u**2 - 4*u**3 + 6*u**2 + u**2 - 1. Determine q(1).
-4
Let m(l) = 3*l**2 + 4*l + 5. Let x(k) = k**2 + k + 2. Let t(s) = -4*m(s) + 11*x(s). Calculate t(-4).
6
Suppose 6*o = -2 + 8. Let r(v) = v - 2. Determine r(o).
-1
Let c = 6 - 4. Let q(p) = -2*p + 4. Suppose 0*f + 52 = -2*f. Let y(a) = 9*a - 17. Let z(s) = f*q(s) - 6*y(s). Determine z(c).
-6
Let s(i) be the third derivative of -1/40*i**6 + 1/60*i**5 + 0 + 0*i + 0*i**3 + 2*i**2 - 1/24*i**4. Determine s(1).
-3
Let c(l) = l**3 + 3*l**2 - 3*l + 1. Let d(v) be the first derivative of -v**2 + v - 1. Let t be d(2). Calculate c(t).
10
Let l(m) be the first derivative of 0*m**2 + 1/3*m**3 + 3 - 2*m. Let h(f) be the first derivative of l(f). Determine h(-1).
-2
Let p(d) = 2*d**2 - 15*d + 14. Let l(c) = 3*c**2 - 23*c + 21. Let m(j) = -5*l(j) + 8*p(j). Let k = 3 - 5. Let s be 45/10 - 1/k. Determine m(s).
7
Let g(s) = -s**2 + s + 1. Let p(t) = -t**2 + 25*t - 42. Let h be p(23). Calculate g(h).
-11
Suppose 30 = 3*y + 5*x, 3*x - 10 = y - 2*x. Suppose -2*s + 26 = -y*h - 5*s, -h + 5*s + 6 = 0. Let q(o) = 2*o - 2. Determine q(h).
-10
Let a(g) be the first derivative of g**5/20 + g**4/6 + g**3/3 + 2*g**2 + 2*g + 7. Let w(x) be the first derivative of a(x). Calculate w(-3).
-11
Let q(d) = 3*d**3 - 26*d**2 - 3*d + 6. Let l(t) = t**3 - 9*t**2 - t + 2. Let v(a) = -8*l(a) + 3*q(a). What is v(6)?
-4
Let f(g) = 3*g**2 - 3*g + 10*g**2 + 2 - 14*g**2. Calculate f(-5).
-8
Suppose 2*n + 17 = -4*w + 3, -3*n - 3 = 0. Let r(x) = x**3 + 4*x**2 - 2*x + 1. Give r(w).
16
Suppose 4*h - 5*d - 21 = -2, 5*h - 5*d = 25. Let k(m) = 3*m - 5. What is k(h)?
13
Let m(l) be the third derivative of -1/120*l**6 + 0*l + 4*l**2 + 0 - 7/6*l**3 + 7/60*l**5 - 5/24*l**4. Determine m(6).
-1
Let z(b) = -b - 2. Suppose 0 = 4*s + p - 21, -s = 5*p - 14 - 15. Suppose -s*u + 8 = -0. Suppose -u*c + 13 = 3*x, 5*c + 0*x = -2*x + 16. Determine z(c).
-4
Let t(z) be the third derivative of z**5/20 - z**3/6 + 6*z**2. Let s be (-14)/8 + 3/(-12). Give t(s).
11
Let i be 8/(-6) + 3 + 4/(-6). Let c(a) be the first derivative of -1/3*a**3 - 3*a - a**2 + i. Calculate c(-3).
-6
Let s(l) = -l**3 + 2*l**2 + 2*l - 2. Suppose -5*x + 17 = -3*x + y, -28 = -4*x - 4*y. Let u be (-1 + 4)/(3/4). Suppose u*b + b = x. What is s(b)?
2
Let y(q) = -q**3 + 6*q**2 + 2*q - 7. Suppose 3 = -f, 0 = 5*g - f - f - 36. Let a be y(g). Let v(l) = -a + 4*l + 1 - l**2 + 1. What is v(4)?
-3
Suppose 5*r - 4 = -3*t, 2*r + 5*t - 4*t = 2. Let c(g) = 2 - g**r + 2 - 2 - 5*g + 2. Determine c(-6).
-2
Let x(j) = -2*j**2 - j. Let m(y) = -2*y - 27. Let l be m(-13). Calculate x(l).
-1
Let g(y) be the third derivative of -y**5/60 + y**4/2 - 7*y**3/6 - 2*y**2 + 6. Calculate g(11).
4
Let o(q) = -q**3 + 4*q**2 + 2*q - 1. Suppose -4 = -2*f, -3*l - 2*l - 3*f + 31 = 0. Calculate o(l).
-16
Let b(c) = -3*c + 2. Let u(p) = -5*p - 3. Let s be u(-2). Calculate b(s).
-19
Let t(d) be the third derivative of -d**5/60 + 3*d**4/8 - 5*d**3/3 - 8*d**2. What is t(8)?
-2
Let a(j) = 2*j**2 + 2*j**2 + 0 + 4 - 5*j**2. Give a(3).
-5
Let x(c) be the second derivative of -c**4/12 - 7*c**3/6 - 23*c. Determine x(-7).
0
Let a(v) be the first derivative of v**6/360 + v**5/60 - v**4/24 - 4*v**3/3 - 2. Let d(w) be the third derivative of a(w). Determine d(-2).
-1
Suppose 5*h - 4*s - 1 = 5, -2*s = -4*h + 6. Let k(x) = 2*x**2 + 2*x. Calculate k(h).
12
Let y(l) be the second derivative of -l**5/20 + l**4/12 + l**3/6 - 3*l**2 - 3*l. Calculate y(0).
-6
Let z(g) = -g**2 + 2*g - 2. Let o be 5 + (1 - 1) - -1. Suppose 3*a - o = 2*a. Let t(x) = x**3 - 7*x**2 + 7*x - 4. Let j be t(a). What is z(j)?
-2
Let z(n) be the first derivative of -5/2*n**2 + 1 + 3*n. Determine z(2).
-7
Suppose -5*q + 1 + 4 = -y, 0 = 4*y. Let v(i) = -3 + q + i + 1. Let t be v(6). Let x(g) = -g. What is x(t)?
-5
Suppose 0 = 5*z + 2*p + 19, 2*p + 7 = z - 2*z. Let k(j) = -2*j - 2. Determine k(z).
4
Let q(p) = -p - 3*p + 1 + 2*p. What is q(3)?
-5
Let a be -5*(-5 + 31/5). Let p(r) be the second derivative of -r**5/20 - r**4/2 - r**3/6 - r**2/2 - 2*r. Determine p(a).
5
Let x(d) be the first derivative of -d**3/3 + 4*d**2 - 9*d - 1. Let b(t) = t - 3. Let u be b(15). Suppose 0 = -3*z + 6 + u. Determine x(z).
3
Let t(g) = g + 7. Let u be t(-7). Suppose u = 2*s - 5*s - 3. Let l(d) = -d - d + 3*d - 2*d**3 + 2*d**2. Give l(s).
3
Let b(o) = 2 + 4*o**2 - 5*o - 3*o**2 + 1. Determine b(6).
9
Let w = 0 - -3. Suppose w*o + o + 12 = 0. Let b(p) = p**2 + 2*p - 7. Let q(h) = 2*h**2 + 4*h - 15. Let y(m) = 7*b(m) - 3*q(m). Calculate y(o).
-1
Let w be -1 - (0 - (4 - 1)). Suppose -w*f + 0*f = -14. Let j be (-30)/f - (-10)/35. Let u(g) = -g**2 - 4*g - 3. Calculate u(j).
-3
Suppose s - 9 = -2*s, 4*w - 5 = s. Suppose 12 = b + w*b. Suppose g = b*g - 15. Let u(v) = v**3 - 6*v**2 + 7*v - 7. What is u(g)?
3
Let k(s) = -s**2 - 4*s - 2. Let b(x) = -x**3 - 8*x**2 - 8*x - 13. Let h be b(-7). Give k(h).
-14
Let v(j) = 0 - 1 - 7*j - 1 - j**2. Let c be (154/(-126) + 4/18)*6. What is v(c)?
4
Suppose -7 = -3*o + f, 2*o + 0*o = -f - 2. Let t(a) be the third derivative of -a**6/40 - a**5/60 + a**4/24 - a**3/6 + a**2. Calculate t(o).
-4
Let y(z) be the second derivative of 0*z**2 - 1/12*z**4 + 0 - 1/6*z**3 - z. What is y(-1)?
0
Let j(x) = 3*x**3 - x - 2*x + 4*x**2 - 2*x**3 - x - 6. What is j(-4)?
10
Let n = -7 + 12. Let x(k) = -2*k + 5*k**2 - 17